4744769 composite?
True
Is 3560753171 composite?
False
Is 12486322991 a prime number?
False
Is 97520451841 a prime number?
True
Is 13487736455 a composite number?
True
Is 28166611183 composite?
False
Is 410614613 composite?
True
Is 25256007853 a composite number?
False
Is 654342671 composite?
False
Is 706019927 prime?
True
Is 1268399117 composite?
False
Is 6004019711 composite?
True
Is 13258287797 a composite number?
True
Is 53717623 composite?
True
Is 76460119027 a composite number?
False
Is 4777418189 a composite number?
False
Is 1495351679 prime?
False
Is 220020491 prime?
False
Is 2588252809 a prime number?
True
Is 46170693523 a composite number?
False
Is 1139349019 a prime number?
False
Is 4523383759 prime?
True
Is 1909698905 composite?
True
Is 259606969 composite?
True
Is 1505178383 prime?
False
Is 38373733 a composite number?
False
Is 58099481471 a composite number?
False
Is 188462063 a prime number?
False
Is 95044139 prime?
True
Is 22732826209 a composite number?
False
Is 11769507781 a composite number?
True
Is 208422160969 a prime number?
False
Is 805802167 a prime number?
True
Is 1079204641 prime?
False
Is 1198881023 composite?
True
Is 13738366 prime?
False
Is 224796241 composite?
True
Is 46867044067 composite?
False
Is 22119593 composite?
True
Is 102854983969 composite?
True
Is 34202197109 composite?
False
Is 7398829199 a composite number?
True
Is 2679750551 a composite number?
True
Is 96699653951 a composite number?
False
Is 20647694387 a composite number?
True
Is 20711904251 a composite number?
False
Is 48806581 a prime number?
True
Is 1009723861 prime?
True
Is 20256261043 prime?
False
Is 98432437 a composite number?
True
Is 3696390317 a prime number?
False
Is 1622040097 composite?
False
Is 191180047 prime?
True
Is 4255215593 a composite number?
False
Is 974845873 a composite number?
True
Is 722126191 composite?
True
Is 784645783 composite?
False
Is 192298334 a composite number?
True
Is 342533053 a composite number?
False
Is 3573287359 composite?
False
Is 2549216227 composite?
False
Is 12482018107 a composite number?
True
Is 727670459 prime?
True
Is 14031768197 a prime number?
True
Is 21910118663 a prime number?
False
Is 10722291719 a composite number?
True
Is 118282416787 a prime number?
True
Is 8431436317 composite?
True
Is 11925437701 a prime number?
False
Is 235301893 a composite number?
False
Is 11801296189 prime?
True
Is 32225227493 prime?
False
Is 33383851001 a prime number?
False
Is 100230424419 prime?
False
Is 1127228353 composite?
True
Is 984535001 a composite number?
True
Is 77729273267 prime?
True
Is 193272641 a prime number?
True
Is 60350851621 a prime number?
False
Is 2181663391 a composite number?
True
Is 749101211 prime?
True
Is 87564173 a composite number?
False
Is 3554763103 prime?
False
Is 221099435 a prime number?
False
Is 194559863 a composite number?
False
Is 19142324159 prime?
False
Is 24031896701 prime?
True
Is 1105854527 a composite number?
True
Is 6551456317 a prime number?
False
Is 11367246509 prime?
True
Is 22224221471 prime?
False
Is 105590791 a prime number?
False
Is 1311967 a composite number?
False
Is 5539227721 a prime number?
True
Is 5027187071 a prime number?
False
Is 1423339733 a prime number?
True
Is 22032826891 a composite number?
False
Is 354950339 composite?
True
Is 398149553 a prime number?
True
Is 521642683 a composite number?
True
Is 5969789131 a composite number?
True
Is 179545504013 composite?
True
Is 7555917689 composite?
True
Is 3995257831 a prime number?
False
Is 393535643 composite?
False
Is 59360231243 a prime number?
False
Is 482435549 prime?
True
Is 26575557671 a prime number?
False
Is 1303335391 a prime number?
True
Is 52707349271 a composite number?
True
Is 2852868647 prime?
False
Is 465815971 a prime number?
True
Is 189860750017 a composite number?
False
Is 63120719 a composite number?
False
Is 1573456619 a composite number?
True
Is 13723142687 composite?
False
Is 15491275117 a prime number?
False
Is 1607485613 composite?
True
Is 117241960439 a composite number?
False
Is 744415439 a composite number?
True
Is 26117628091 composite?
False
Is 11291604901 a composite number?
True
Is 176361379 a composite number?
False
Is 405256349 a composite number?
False
Is 7178342273 prime?
False
Is 47903869957 prime?
True
Is 886385323 a prime number?
True
Is 21530842163 composite?
False
Is 6671143813 composite?
True
Is 10686751469 a composite number?
False
Is 255258055043 prime?
True
Is 31846425377 a composite number?
True
Is 15383846561 prime?
True
Is 17011511677 a composite number?
True
Is 195844759 composite?
True
Is 3413961841 composite?
False
Is 11107375781 composite?
True
Is 158526464903 prime?
False
Is 24199356703 a composite number?
True
Is 8019456191 prime?
True
Is 7550459809 prime?
False
Is 92162167 composite?
False
Is 9399930719 composite?
False
Is 3174842159 a composite number?
False
Is 31447099423 a composite number?
False
Is 3169480807 a prime number?
True
Is 123675006382 a prime number?
False
Is 85045477129 a prime number?
True
Is 1151232259 composite?
True
Is 1948517381 a prime number?
False
Is 31865960261 a prime number?
False
Is 9178961611 a composite number?
False
Is 5646015139 a prime number?
False
Is 875646427 composite?
True
Is 968850767 composite?
True
Is 1918875121 composite?
False
Is 507864017 prime?
False
Is 3355653622 prime?
False
Is 2865055447 prime?
False
Is 32953071079 composite?
True
Is 44066548567 composite?
False
Is 25431792299 prime?
True
Is 480518917 a prime number?
False
Is 1419953807 a prime number?
True
Is 3283564033 prime?
True
Is 2944015159 composite?
True
Is 124845804889 a prime number?
False
Is 384865851 a prime number?
False
Is 2083633417 composite?
True
Is 2409996263 a prime number?
True
Is 15529810433 composite?
False
Is 91914363417 a prime number?
False
Is 14880945587 prime?
True
Is 1019981771 composite?
True
Is 3724457639 composite?
True
Is 4246707589 a prime number?
False
Is 1736662031 a composite number?
True
Is 38200493167 a composite number?
False
Is 638242391 a prime number?
True
Is 49046760881 a prime number?
True
Is 393031691 prime?
False
Is 2352000463 a prime number?
True
Is 300141287 a prime number?
False
Is 102700651 a prime number?
False
Is 473094983 prime?
True
Is 10944443 prime?
False
Is 9594375937 prime?
True
Is 26256941 prime?
True
Is 2283589027 a prime number?
False
Is 3177051022 composite?
True
Is 1819406821 a composite number?
False
Is 944856833 a prime number?
False
Is 27158463317 composite?
True
Is 40566158257 a prime number?
True
Is 108983217769 a prime number?
False
Is 602599973 a prime number?
False
Is 2067476243 a prime number?
False
Is 20724320117 prime?
False
Is 255073048999 composite?
False
Is 8454518263 composite?
False
Is 195545426299 a prime number?
True
Is 224610053 a prime number?
True
Is 6362881649 prime?
False
Is 16877488763 prime?
True
Is 62965396231 composite?
True
Is 5151292463 prime?
True
Is 156521654743 a prime number?
True
Is 6437063089 prime?
False
Is 3250645159 prime?
True
Is 34238177 prime?
True
Is 4832984393 a composite number?
True
Is 1347491881 a composite number?
True
Is 38500954781 a composite number?
True
Is 4908554561 prime?
False
Is 5404198523 composite?
False
Is 1187796377 a prime number?
True
Is 1749262299 composite?
True
Is 76599622663 prime?
False
Is 1028968607 a prime number?
False
Is 12568487689 a composite number?
False
Is 13856239 a prime number?
False
Is 23696358445 composite?
True
Is 24411539773 prime?
True
Is 35393104979 a prime number?
True
Is 6452985779 a prime number?
False
Is 11446574231 a composite number?
False
Is 1577210329 composite?
False
Is 157434917 a prime number?
True
Is 899783695 a prime number?
False
Is 76589169959 prime?
False
Is 27256523969 composite?
False
Is 12310716149 a composite number?
False
Is 1025447354 a prime number?
False
Is 15795730099 prime?
True
Is 125765460663 a composite number?
True
Is 48794519437 composite?
False
Is 384308689 prime?
True
Is 32026494961 a composite number?
False
Is 25648372807 composite?
False
Is 43480423583 a composite number?
False
Is 35675887538 a composite number?
True
Is 1561843411 composite?
False
Is 62091191473 a composite number?
False
Is 33745492721 a composite number?
False
Is 175742877361 a prime number?
True
Is 285219085